alculate the remainder when d is divided by p.
11
What is the remainder when 523 is divided by (429/(-572))/(2*3/(-24))?
1
Let f(h) = -3*h + 944. Calculate the remainder when f(12) is divided by 42.
26
Let s = 146 - -6. Let p = 26276 + -26223. What is the remainder when s is divided by p?
46
Suppose -76 = -9*z - 49. Suppose 6*k - 180 = -z*k. Calculate the remainder when 39 is divided by k.
19
Suppose -7*v + 5476 = -4*g - 1097, -2*g = -3*v + 2819. What is the remainder when v is divided by 47?
42
Let z = -2125 + 2643. What is the remainder when z is divided by 201?
116
Suppose 23*f = -188 + 464. What is the remainder when 53 is divided by f?
5
Suppose -3*o + 5*b = 97 - 699, 0 = 2*o + 3*b - 395. Suppose 55 - o = -8*q. What is the remainder when 232 is divided by q?
16
Let s = 10 - -25. Suppose 85 = 3*c + 4*f, 2*c - s = 3*f + 16. Calculate the remainder when 177 is divided by c.
15
Suppose -7*g - 9 = -58. Let k = 14 - g. Let o = -38 + 64. Calculate the remainder when o is divided by k.
5
Suppose 3*o - 9 = 2*n, 15*n - 18*n - o + 3 = 0. Let s = 2 + 3. Suppose w - 13 + s = n. What is the remainder when 21 is divided by w?
5
Let y = -24583 + 24996. What is the remainder when y is divided by 28?
21
Let p = -66 - -93. Let y(v) = -v**2 + 30*v - 64. Calculate the remainder when 167 is divided by y(p).
14
Let g = -208 + 205. Calculate the remainder when g*(-4)/90 - 386/(-30) is divided by (-2)/(-4)*-5*-2.
3
Suppose 5*j - 1 = 14. Let m be (-36)/8*6 + j. What is the remainder when 70 is divided by m/(-2) + (-21)/(-7)?
10
Let u = -245 - -258. Calculate the remainder when (-1)/(5*4/20)*-636 is divided by u.
12
Let w(m) = -33 - 62*m + 70*m - 1. Let r be w(5). Calculate the remainder when 54 is divided by r/(0 + -4 + 885/210).
26
Let g = 58 - -16. Suppose -28*v - 210 = -43*v. Let l = v + 5. What is the remainder when g is divided by l?
17
Let r(s) = s**3 + 9*s**2 + 21*s - 22. Let i be r(-8). Let x = 115 - 8. Calculate the remainder when x is divided by (i/24)/((18/32)/(-3)).
23
Let u be (-17)/51 - 662/(-6). Suppose u = 5*v + 5*s, -9*v + 14*v - 94 = -s. What is the remainder when v is divided by 5?
3
Let b = -11 + 53. Calculate the remainder when (-302 + 177)*(1 - 2) is divided by b.
41
Let x(c) = -21*c**2 + 4*c - 4. Let r be x(2). Suppose 2*k = 9 + 1, -3*k + 72 = z. What is the remainder when z is divided by (((-9)/(-4))/(-3))/(4/r)?
12
Suppose 3*l - 4786 = -4*a, -15*l = -16*l - 4*a + 1590. Calculate the remainder when l is divided by 5.
3
Suppose 5*q = 2*z + 610, 8*q + 595 = 13*q + z. Suppose 3*j - 60 = 66. Calculate the remainder when q is divided by j.
36
Let j = -136 - -203. What is the remainder when j is divided by 25?
17
Let u be 24/(-240) + (-1)/(-10). Suppose u = -5*c - 4*b + 105, -5*c + b = -33 - 47. What is the remainder when 123 is divided by c?
4
Let j(r) = 5*r**3 + 4*r**2 + 2*r + 20. Let i(o) = -3*o**3 - 3*o**2 - o - 13. Let p(x) = 8*i(x) + 5*j(x). Calculate the remainder when 11 is divided by p(4).
3
Let f(y) = -4*y**3 - 79*y**2 - 62*y - 35. What is the remainder when 201 is divided by f(-19)?
21
Let d(f) = 3*f**3 + 5*f**2 - 9*f - 2. Let t be d(-6). Let x = t + 448. Calculate the remainder when 94 is divided by x.
30
Let p(s) = -s**3 - 2*s + 9. Suppose 2*v - 20 + 20 = 0. Let k be p(v). Suppose 0 = -12*r + k*r + 63. What is the remainder when 57 is divided by r?
15
Let b be (-3 + -2 + 1)*-1. Suppose b*d = -0*d - 44. Let q(x) = x**3 + 12*x**2 + 7*x + 3. What is the remainder when q(d) is divided by 13?
8
Suppose -78 = 3*m - 99. Suppose 0 = -4*a + m*a - 1182. Calculate the remainder when a is divided by 12.
10
Suppose -3*z + 1374 = -3*y + 6*y, 5*y + 1390 = 3*z. Suppose 7*p - z = -12. Calculate the remainder when p is divided by 13.
12
Let p = 108 + -113. Calculate the remainder when 231 is divided by (-1)/((-1 + p)/78).
10
Let q(c) = 11*c**2 + 38*c + 157. Calculate the remainder when 2126 is divided by q(-9).
8
Calculate the remainder when (-80)/56*7 - -1086 is divided by 154.
152
Suppose 1973 = 33*h - 8323. What is the remainder when h is divided by 86?
54
Let s(l) = l + 20. Let a = 47469 + -47372. Calculate the remainder when a is divided by s(0).
17
Suppose 56671 - 151576 = -2109*m. Calculate the remainder when -6 + 4 - 1*-175 is divided by m.
38
Suppose 3*c = 86 + 367. Suppose 13*d = -680 + 1772. Let b = c - d. Calculate the remainder when b is divided by 23.
21
Let a be 3 - 0 - -2*1. Suppose w - 3*c + 0*c - 110 = 0, 5*c + 530 = a*w. What is the remainder when w is divided by ((-37)/(-37))/(-2 - 86/(-42))?
20
Let h = 2665 + -2638. Let w = 1037 - 687. What is the remainder when w is divided by h?
26
Let p = 505 - 478. What is the remainder when 818 is divided by p?
8
Suppose -44 = 3*q + 1. Let i = 48 - q. What is the remainder when i is divided by 8?
7
Suppose 0 = 5*z + p - 4349, 4*z - 35*p - 3496 = -40*p. What is the remainder when z is divided by 66?
11
Suppose 0 = -35*h + 160*h - 8500. Calculate the remainder when 263 is divided by h.
59
Suppose 663*q - 301032 = 437*q. What is the remainder when q is divided by 436?
24
Let y(r) = 2*r**2 - 39*r + 140. What is the remainder when 120 is divided by y(4)?
8
Suppose 21 = 21*n - 18*n + 3*b, -5*b + 19 = -3*n. Let m(j) = -132*j + 275. Suppose 0 = 3*r - 16 - 2. Calculate the remainder when m(n) is divided by r.
5
Suppose -11*v + 1853 = -10*v + 5*q, 16907 = 9*v - q. Calculate the remainder when v is divided by 51.
42
Let w(d) = -d + 17. Suppose -9*p = -12*p + 21. Calculate the remainder when w(0) is divided by p.
3
Suppose -52 = -2*g + 8. What is the remainder when -26 + 45 + -46 - -654 is divided by g?
27
Suppose -8492 = -6*y + 28*y. Let j = -332 - y. What is the remainder when j is divided by 21?
12
Let f(z) = 5232*z**3 + 14*z - 13. What is the remainder when f(1) is divided by 14?
11
Let m = -8484 + 10053. Calculate the remainder when m is divided by 48.
33
Let k be 2/(-4)*-2*21/7. Suppose 2*g = k*n + 116, 3*g = g + 5*n + 120. Suppose 0 = -5*x + 2*x + 36. What is the remainder when g is divided by x?
7
Let n(m) = -5*m**3 + 99*m**2 + 28*m - 89. Suppose -64 = -2*z + 4*u - 2*u, 5*z + u - 166 = 0. What is the remainder when n(20) is divided by z?
5
Let m(x) = -1 + 59*x**2 + 61*x**2 - 2*x - 119*x**2. What is the remainder when 96 is divided by m(-5)?
28
Calculate the remainder when 336 is divided by ((-4104)/190)/(6/(-15)).
12
Suppose 0 = 5*b + 4*o - 76 - 114, 0 = -2*o. Let m = b + -25. Suppose m*g - 5*g = 80. Calculate the remainder when 37 is divided by g.
7
Let p = 285 - 279. Let w(o) = 5*o**2 - 17*o - 5. Calculate the remainder when 217 is divided by w(p).
71
Let z(d) = -26*d - 5. Suppose -596*x + 600*x = -2520. Calculate the remainder when z(-4) is divided by ((-2)/4)/(2 + 1269/x).
29
Let j be (-1)/5 - 4/(-60)*3. Suppose 14*c - 25*c + 121 = j. Suppose 3*r + 0*r = 9. Calculate the remainder when c is divided by r.
2
What is the remainder when 184 is divided by 5*1 + -1*(92 + 11)*-1?
76
Calculate the remainder when 9/6*115570/39 is divided by 89.
84
Let k = -51 + 84. Let f(t) = 2*t**2 - 3*t - 12. Let v(i) = 6*i**2 + 15*i - 2. Let g be v(-3). What is the remainder when f(g) is divided by k?
32
Let f(l) = -l**3 + 17*l**2 - 7*l - 45. Let d be f(16). What is the remainder when (d + -3)/(2*(-2)/(-4)) is divided by 27?
15
Let b(c) = c**3 + 2*c**2. Let f be b(-2). Suppose 10*l - 40 = -f*l. What is the remainder when 19 is divided by (1/1*-4)/(l/(-10))?
9
Let m be -2 + 0 + 3 + 1. Let f be (-28)/(-126) - m/9. Let x(v) = -v**2 - 2*v + 10. Calculate the remainder when x(f) is divided by 2.
0
Let y(p) = -p**2 + 4*p + 3. Let v(a) = -a**2 + 29*a + 7. Let u(k) = -k**2 + 5*k + 29. Let g be u(5). Calculate the remainder when v(g) is divided by y(4).
1
Let q = -145 + 184. Let g = 107 - 100. Calculate the remainder when q is divided by g.
4
Suppose 39*w = 40*w + 2*t - 52, 6*t - 96 = -2*w. Calculate the remainder when 3958 is divided by w.
58
Suppose -34 = 69*p - 70*p + 5*w, -p + 7*w + 44 = 0. Calculate the remainder when 1123 is divided by p.
7
Let f = -285 - -286. What is the remainder when (-21312)/(-176) + f/(-11) is divided by 18?
13
Suppose 2*l + l + 96 = 0. Let x be ((132/16)/11)/((-2)/l). Calculate the remainder when 24 is divided by 6/(-9) + 164/x.
11
Calculate the remainder when 86 is divided by (11 + -7)*(-